{"id":8,"date":"2019-11-06T11:19:44","date_gmt":"2019-11-06T10:19:44","guid":{"rendered":"http:\/\/www.aubonheurdujour.be\/?page_id=8"},"modified":"2024-10-24T12:31:35","modified_gmt":"2024-10-24T10:31:35","slug":"accueil","status":"publish","type":"page","link":"http:\/\/www.aubonheurdujour.be\/","title":{"rendered":"Accueil"},"content":{"rendered":"<p>\u00ab\u00a0Au bonheur du jour\u00a0\u00bb est le premier centre de jour ouvert \u00e0 toutes personnes \u00e2g\u00e9es de plus de 60 ans et ind\u00e9pendant d&rsquo;une maison de repos. Il a \u00e9t\u00e9 ouvert en f\u00e9vrier 2009.<\/p>\n<p>L&rsquo;objectif premier du centre est le maintien de l&rsquo;autonomie de la personne \u00e2g\u00e9e \u00e0 travers le soutien d&rsquo;une \u00e9quipe pluridisciplinaire.<\/p>\n<p>Notre ASBL, agr\u00e9\u00e9e par la r\u00e9gion wallonne, d\u00e9montre notre vocation premi\u00e8re : proposer un \u00ab\u00a0service \u00e0 la personne\u00a0\u00bb vrai et int\u00e8gre. Nous avons ainsi limit\u00e9 notre nombre de pensionnaires \u00e0 30 afin de pouvoir leur proposer :<\/p>\n<ul>\n<li>une structure familiale ;<\/li>\n<li>une r\u00e9ponse aux besoins de chaque patient, individuellement si cela est n\u00e9cessaire ;<\/li>\n<li>une \u00e9quipe de personnels m\u00e9dicaux et de b\u00e9n\u00e9voles.<\/li>\n<\/ul>\n<p>La vieillesse est une \u00e9tape de l\u2019existence pendant laquelle chacun doit pouvoir poursuivre son \u00e9panouissement. Il est important de reconna\u00eetre la dignit\u00e9 de la personne \u00e2g\u00e9e devenue d\u00e9pendante et de pr\u00e9server ses droits.<\/p>\n<p>C\u2019est pourquoi nous sommes en accord et \u0153uvrons chaque jour \u00e0 appliquer :<\/p>\n<ul>\n<li>la <a href=\"http:\/\/www.ch-ussel.fr\/uploads\/PDF\/1%20C2HC-Charte_de_la_personne_agee.pdf\" target=\"_blank\" rel=\"noopener\">Charte des droits et libert\u00e9s de la personne \u00e2g\u00e9e d\u00e9pendante<\/a>, cr\u00e9\u00e9e par la fondation nationale de g\u00e9rontologie en 1997 (Suisse),<\/li>\n<li>la <a href=\"https:\/\/www.chu-toulouse.fr\/IMG\/pdf\/charte_personne_agee_dep_chu_toulouse.pdf\" target=\"_blank\" rel=\"noopener\">Charte europ\u00e9enne de la personne \u00e2g\u00e9e d\u00e9pendante<\/a>, \u00e9labor\u00e9e en 1999 par la commission \u00ab Droits et libert\u00e9s \u00bb, et<\/li>\n<li>la <a href=\"http:\/\/www.ch-ussel.fr\/uploads\/PDF\/1%20C2HC-Charte_de_la_personne_agee.pdf\" target=\"_blank\" rel=\"noopener\">Charte des droits et libert\u00e9s de la personne accueillie<\/a>, introduite dans le code de l&rsquo;action sociale et des familles en 2003. (France).<\/li>\n<\/ul>\n","protected":false},"excerpt":{"rendered":"<p>\u00ab\u00a0Au bonheur du jour\u00a0\u00bb est le premier centre de jour ouvert \u00e0 toutes personnes \u00e2g\u00e9es de plus de 60 ans et ind\u00e9pendant d&rsquo;une maison de repos. Il a \u00e9t\u00e9 ouvert en f\u00e9vrier 2009. L&rsquo;objectif premier du centre est le maintien de l&rsquo;autonomie de la personne \u00e2g\u00e9e \u00e0 travers le soutien d&rsquo;une \u00e9quipe pluridisciplinaire. Notre ASBL, [&hellip;]<\/p>\n","protected":false},"author":1,"featured_media":0,"parent":0,"menu_order":0,"comment_status":"closed","ping_status":"closed","template":"","meta":{"footnotes":""},"class_list":["post-8","page","type-page","status-publish","hentry"],"_links":{"self":[{"href":"http:\/\/www.aubonheurdujour.be\/index.php?rest_route=\/wp\/v2\/pages\/8"}],"collection":[{"href":"http:\/\/www.aubonheurdujour.be\/index.php?rest_route=\/wp\/v2\/pages"}],"about":[{"href":"http:\/\/www.aubonheurdujour.be\/index.php?rest_route=\/wp\/v2\/types\/page"}],"author":[{"embeddable":true,"href":"http:\/\/www.aubonheurdujour.be\/index.php?rest_route=\/wp\/v2\/users\/1"}],"replies":[{"embeddable":true,"href":"http:\/\/www.aubonheurdujour.be\/index.php?rest_route=%2Fwp%2Fv2%2Fcomments&post=8"}],"version-history":[{"count":5,"href":"http:\/\/www.aubonheurdujour.be\/index.php?rest_route=\/wp\/v2\/pages\/8\/revisions"}],"predecessor-version":[{"id":79,"href":"http:\/\/www.aubonheurdujour.be\/index.php?rest_route=\/wp\/v2\/pages\/8\/revisions\/79"}],"wp:attachment":[{"href":"http:\/\/www.aubonheurdujour.be\/index.php?rest_route=%2Fwp%2Fv2%2Fmedia&parent=8"}],"curies":[{"name":"wp","href":"https:\/\/api.w.org\/{rel}","templated":true}]}}